is -48 + 27 + -58 + 112?
33
Evaluate 38 - ((-24 - 29) + 43).
48
Evaluate -28 + 0 + 29 + -40.
-39
(-2 - (-1 - -5) - 2) + (31 - (41 - 107))
89
What is (1 + 5 - (58 - 63)) + -4 + -65?
-58
What is the value of -16 - (14 + (-4 - 11 - -9) + -71)?
47
What is -72 + 58 + -74 - -169?
81
Calculate -3 - -19 - (-3 + (-8 - -29) + -30).
28
Calculate (-126 - -151) + -15 + -27.
-17
Evaluate 113 + -89 + 9 + 20.
53
Calculate -195 - (-95 - (-45 + 47)).
-98
What is the value of 10 + ((11 - (88 - -20)) + -21 - -18)?
-90
31 - (14 - 96) - 38 - -17
92
What is (73 - -3 - (23 - -5)) + -1?
47
What is the value of (9 + -8 + -13 - -19) + (-1 + 0 - -4)?
10
Calculate -22 + 4 - (7 - (32 - 29)).
-22
Evaluate 59 - (-634 - -644 - (22 + -4 + 1)).
68
Calculate 14 + -5 + -1 - (10 + 0 + -10).
8
Calculate -21 + (5 - (20 - -3) - 27).
-66
Calculate (-4 - -91) + 25 + -125.
-13
What is -18 - (0 + -53 - -30) - (4 - 7 - -110)?
-102
24 + (-11 - (-9 + (2 - -7))) + (-7 - 1)
5
Calculate 50 + (-11 - (-30 - (-29 - 1) - (1 + 2))).
42
20 + -38 + (-12 - (-17 - 23))
10
What is 129 + -75 + -27 + 4 + 3?
34
68 - -29 - 43 - 27
27
(-50 - -58 - 68) + 79
19
Evaluate 63 + -27 - (34 + 1) - 85.
-84
What is the value of 45 - (16 + -65 + 77)?
17
What is the value of 73 - (-19 + 45 + 100)?
-53
Calculate 8 + (23 + 10 + -26 - (-2 + -37) - 11).
43
Calculate -26 - -74 - ((19 - -7) + -8).
30
What is 11 - (12 + -1 + 25 + (-37 - -14))?
-2
What is (110 - 38) + -46 - -22?
48
Evaluate -37 + -6 + 5 + (35 - 32) + -5 + -1.
-41
Calculate -35 - (-50 - (-41 - -10)).
-16
Calculate (120 - 67) + (11 - 75).
-11
What is the value of -32 - (14 - (42 + -7 + -25 + 11))?
-25
What is (-34 - -24 - -10 - -57) + 5?
62
What is the value of -3 - 6 - (137 + -184) - (1 + -1 + -2)?
40
-32 - ((-9 - -16) + -4 - (0 - -10))
-25
What is 112 - (-13 + 118) - 54?
-47
Evaluate 15 - -6 - 13 - (-14 - (15 - 31)).
6
(36 - (54 + -18) - (8 - (-1 - 2))) + -34
-45
What is the value of (0 - -2 - (-6 - 2)) + (1256 - 1234)?
32
Evaluate -6 - (-18 - (27 - 20)).
19
Evaluate 220 + -199 - (3 - -33) - 10.
-25
Calculate (-3 - (24 + -20) - 44) + 7.
-44
Evaluate -13 + (-26 - -9 - -17) + (-4 + 2 - 1).
-16
Calculate -21 - -1 - (154 - (373 - 208)).
-9
What is -1 + 4 + 156 + -159 - (-12 - -18)?
-6
6 + -1 - (-23 + 23 + 131 - 21) - 7
-112
Calculate -5 - (-13 + 3 + (-78 - -101)).
-18
What is the value of (-57 - (-34 - 5)) + -4?
-22
57 + (-6 - (-37 - -41 - 14))
61
Evaluate 10 + -44 + (120 - 96) + -56 + -1.
-67
Calculate 40 - ((34 - 43) + 34).
15
Evaluate 55 - (-22 - -23) - 76.
-22
What is -53 + 1 + 57 - (6 + (5 - 2))?
-4
61 - 73 - (0 + -2 - 1)
-9
Evaluate (13 - (15 + -32)) + 0 + -160.
-130
Evaluate 1 - 94 - (20 - (17 + -8 + -5 - -14)).
-95
Calculate -5 + (-45 - (4 + -11)) - (7 - -2).
-52
What is the value of (75 - 24 - 19) + -21 + 20?
31
Calculate -31 - -91 - 94 - -78.
44
Evaluate 33 + (-30 - 11) - (-2 + (-46 - -3)) - -11.
48
Calculate (-66 - -2) + -5 + (-14 + 0 - -25) - 11.
-69
Evaluate -2 - (26 + (-158 - -2)) - (22 - 7).
113
Calculate 63 + -54 - (-3 - -13) - -42.
41
What is the value of 4 + -41 + 0 + (2227 - 2215)?
-25
10 - 36 - ((5 - 13 - -6) + 8)
-32
What is the value of (-52 - -56) + (-1 - (-1 + 41) - (-5 + 1))?
-33
Evaluate 37 - (-3 + 1 + 19 + -11) - 16.
15
Evaluate 3 + -41 + (42 - 41).
-37
What is (54 - 16 - -12) + -3 + -7 + (15 - 8)?
47
What is the value of 4 - ((0 - -48) + (-44 - -94 - 61))?
-33
Calculate -411 + 454 - (-2 + 7 + (5 - 0)).
33
Calculate 8 + -176 + 96 + 34.
-38
What is -36 + 14 + 21 + (-21 - 2)?
-24
Evaluate 46 - (0 + -3) - (-744 - -748).
45
What is -3 + -11 + 16 + (-1 - -6) + (19 - -7)?
33
What is the value of -9 - (-56 - (-55 - -14))?
6
What is 80 + -63 + -54 + -9 + (-6 - -4 - -1)?
-47
Evaluate 45 + (-14 - -26 - -8 - 10) + -7.
48
What is -19 + 16 + (2 - 0) + 60 + -12 + -75?
-28
Evaluate (-82 + 97 - 58) + 96.
53
Calculate (-11 - 0 - ((-26 - 52) + 8)) + 0 + 0.
59
What is (-67 - -25) + (573 - 442)?
89
Calculate -56 + 41 + -45 + 46 - (0 + 53).
-67
Evaluate -3 + 7 + (23 - 30) + 6.
3
Evaluate -3 + (-50 - -61 - (-18 - -2)).
24
(-9 - 1) + 0 + (12 - 8) + -15
-21
2187 + -2231 + (2 - -88)
46
2 + -8 - (-42 + (-27 + -30 - -22))
71
What is (133 - 194) + 115 - 105?
-51
What is -70 + -33 + 43 + 58 - (61 + 0 + -1)?
-62
Evaluate 28 + (9 - 10) + -33 + (41 - -1).
36
What is the value of 25 + (47 - 36) + -29?
7
Evaluate 33 - (18 + 3) - ((14 - 11) + (0 - -5)).
4
(15 - 9 - 18) + -42 - (-5 - -3)
-52
Evaluate -79 + 83 + -52 - -19.
-29
What is the value of (4 - 2) + -65 + (-14 - (-43 + 25 - 6))?
-53
What is the value of (5 - (-2 + 48)) + -12 + (19 - 2) + -4?
-40
Evaluate (-21 - 16) + -21 + -14.
-72
What is -1 - -7 - (-83 + 32 - -6)?
51
What is the value of -101 + -29 + (-8 - -18)?
-120
22 - (-118 + 121 - -80)
-61
Evaluate -83 - (-3 - -8 - (-13 + 33 - 10)) - 14.
-92
Evaluate (46 - (170 + -96)) + (-29 - -3).
-54
Evaluate 14 - (-27 - (-97 - -1 - -38)).
-17
Evaluate -99 + (141 - 40) - (-13 + 1).
14
5 + (20 + (-1 - 4) - 5) + -4 + -42
-31
80884 + -80758 - (1 + 14 - 0 - -1)
110
What is 1 - (-4 - 3) - (-281 + 276) - -31?
44
What is -5 - (-7 - (-3 + (19 - (9 + -21)))) - 0?
30
What is the value of 61 + -30 - 66 - -121?
86
68 - (-52 - -99) - 73
-52
(-1 + -14 - (-106 + 88)) + 2 + -1 + -92
-88
21 + ((9 - -1) + -20 + 7 - 158)
-140
What is the value of -2 + 1 + ((-94 - -24) + 27 - -7)?
-37
-8 + -28 + -11 - -30
-17
What is the value of -5 + (-8 - 61) - (-60 - -40)?
-54
Calculate -186 - (-204 + 99 + 12).
-93
Calculate -59 - ((-34 - -116) + -117).
-24
What is -108 + 72 - -26 - -28?
18
Evaluate -5038 - -5015 - (0 - -21).
-44
(-1 + -8 - -1) + ((-48 - 52) + 44 - -165)
101
-38 + 142 + -90 - (6 + -11 - 97)
116
Calculate 29 - 7 - 28 - (-3 + -62).
59
Calculate 63 + (-29 + 69 - 77) + 22 + -2.
46
What is the value of 10 - (-8 + -23) - (11 - -12) - -4?
22
Calculate 44 - (-21 + 62) - (48 + 3).
-48
41 + -97 + (-25 - 48)
-129
Evaluate 14 - (59 + -85) - (4 - 31).
67
Calculate 35 + 25 + -45 + 1 + 3 + 1.
20
What is -6 - (2 - 11 - -5 - 0 - (-6 - -15))?
7
Evaluate (1 - 8) + -11 + (-1 - 4) - (-32 - -38).
-29
-16 - 3 - (8 + -14) - -5
-8
Calculate 0 + (-6 - -2) + 126 - (1122 + -1125).
125
Calculate -52 + -18 + 6 + 24 - (6 - 0).
-46
(35 + -30 - (-10 + 17)) + 14
12
Calculate (2 - -1) + (40 - (10 - -45)) + 36.
24
Evaluate 173 + 8 + -67 + -24 + 1.
91
Evaluate -4 - (4 + -11) - (4 + -4 + (-69 - -17)).
55
What is the value of (-395 - -394 - (-12 - 1)) + 17?
29
What is the value of 366 + -291 + -91 + -2 + -12 + 2?
-28
Calculate (9 - (-79 - -29)) + -151.
-92
0 - ((11 - -4) + 5 + -7) - (11 + 0)
-24
What is 0 - (-15 - (68 + -8))?
75
What is the value of -9 + -7 + 11 - (-42 - -54)?
-17
What is the value of 104 + (20 + -65 - -7)?
66
0 - (-6 + (2 + 7 - (0 - -8)) + 18)
-13
Calculate -11 - (21 - 31) - (11 + (8 - (8 + -4))).
-16
13 + (1 - 1 - (20 + -52 - -24 - -64))
-43
What is 26 - ((75 - -11) + (-15 - 27))?
-18
Calculate -131 + 117 + -9 + -11 + -54 + 12.
-76
Evaluate -2 - (4 + 5 + -1 - (-97 + 116)).
9
Calculate -708 - -601 - (3 + 1 + -2).
-109
What is (-131 - -49 - -45) + 20?
-17
-50 + 175 + 16 + -101
40
Calculate (-7 - 4) + 2 - (93 - 89).
-13
-8 - (90 - (68 - 8))
-38
What is the value of -23 + 33 + (-1 - 15)?
-6
What is 12 - (-8 + -18) - (-19 + (13 - 11))?
55
Evaluate (26 - 22) + -11 + 11 + -32 + (0 - 12).
-40
What is the value of (-41 - (-52 + -74)) + -35?
50
Evaluate -75 - -83 - (-8 - 1 - -6 - 19).
30
-17 + (35 - 34) - -14
-2
Calculate -4 - (-44 - (-35 + 19)) - -33.
57
Evaluate -115 + 1 + (4 + (0 - 7) - (29 - 29)).
-117
-40 - 3 - (-100 + 17)
40
What is the value of -205 + (-103 + 109 - -107)?
-92
What is 12 + 65 + (49 - 247)?
-121
Calculate -60 - (-37 - (-12 + 17)).
-18
Evaluate 239 - 282 - (0 + 3) - -49.
3
What is 6 + (-57 - 11) + 102?
40
What is the value of 14 + -13 + 50 + -19 + -80?
-48
What is the value of -45 + (-81 + 78 + -12 + 3 - (-2 + 3))?
-58
Evaluate 10 + (-13 - 16 - -6 - (-4 + 12)).
-21
-31 - (-15 + (17 - -27) - 3)
-57
Calculate 1 + 4 + -6 + 12 - 33 - 10.
-32
What is 48 + (3 - 5) - (-325 + 333)?
38
Calculate (131 - (1 - 9)) + (-3 - 19 - 0) + 20.
137
What is the value of -31 - (-115 + 28 - -74)?
-18
Calculate (92 - 38) + -156 - -78.
-24
5 + 102 + -85 - 36
-14
Evaluate -33 + (-24 - -71) + -6 + 0.
8
Calculate -442 + 405 + 8 + (3 - 1).
-27
Calculate -319 + 337 - ((-3 - 3) + -7).
31
Calculate 57 - (90 - 32) - -35.
34
Eva